mmon divisor of u and 96.
32
Let r = 509 + -356. Let a = 14 + -19. Let g(s) = -s + 12. Let p be g(a). Calculate the highest common divisor of p and r.
17
Let p be (8/(-1))/((-6)/60). Suppose -n - 2*x = -12, -4*x - x = 5*n - p. Calculate the highest common divisor of n and 85.
5
Let j(w) = -51*w - 350. Let t be j(-7). Calculate the greatest common divisor of 49 and t.
7
Let t(z) = 9*z + 287. Let k be t(-16). What is the highest common divisor of 4719 and k?
143
Let y(u) = -27*u - 188. Let b be y(-8). Suppose -6*s + 2*s = 3*j - 82, j + s = b. Calculate the highest common factor of 54 and j.
6
Let v(r) = -10*r**2 + 6*r + 11. Let b be v(-3). Let y = -64 - b. Suppose 3*x + 11 = 5*n - 4*n, -3*x = -3*n + y. What is the highest common divisor of 33 and n?
11
Let y(x) = -39*x + 75. Suppose m - 2*n + 1 = -4, 2*m + 4*n + 34 = 0. Let p be y(m). Calculate the highest common factor of 56 and p.
56
Let q be (66/9)/((-2)/(-12)). Suppose -2*k - 38 = -5*i, -4*i + 9*i - 41 = -k. Calculate the greatest common factor of i and q.
4
Let f be 20/190 - 25440/(-190). What is the highest common divisor of f and 1139?
67
Let k(y) = 18*y**2 - 110*y**2 - 2*y - 5 + y + 3. Let g be k(-4). Let j be ((-10)/(-6))/((-175)/g). Calculate the greatest common divisor of 21 and j.
7
Let g = -3603 - -4201. Calculate the greatest common divisor of 39 and g.
13
Let u(r) = 2*r**3 + 4*r**2 + 10*r - 16. Let d be u(5). Suppose 9*p = 3*p + d. What is the highest common factor of p and 160?
32
Let t(j) = -j + 20. Let q be t(7). Calculate the greatest common factor of q and 299.
13
Suppose -202 = -5*a - 3*s, 15*a - 18*a + 3*s = -126. Let i = -354 - -723. Calculate the greatest common divisor of i and a.
41
Let u(v) = 49*v + 2616. Let m be u(-53). Suppose 4*p + 1235 = 5*w, w + 3*p = -2*p + 247. Calculate the greatest common factor of m and w.
19
Let r(n) be the second derivative of n**5/20 + n**4/12 + 5*n**3/6 + 493*n**2 - 75*n + 1. Let h be r(0). What is the greatest common divisor of 58 and h?
58
Let h = -357 + 242. Let l = 118 + h. Suppose 0 = -l*n - 3*x + 60, 2*n - x - 15 = 2*x. Calculate the highest common divisor of n and 135.
15
Suppose -4*k - 4*u + 84 = 0, -5*k + 105 = -0*k + 2*u. Suppose -p - r + 9 = 0, 331*r - 330*r + 27 = 3*p. Calculate the greatest common divisor of k and p.
3
Let o(g) = -g**3 + 31*g**2 - 29*g - 19. Let a be o(30). Suppose 0 = -5*l + 2*p + 4430, a*p = 13*p + 10. Calculate the greatest common divisor of 68 and l.
68
Suppose 5*q + 3*r - 2016 = 0, 245*r - 248*r - 432 = -q. What is the highest common factor of q and 459?
51
Suppose -1410 = 3*s - 2*m - 4655, 0 = 3*s - 3*m - 3249. Calculate the greatest common factor of 13 and s.
13
Suppose -254*y + 261*y - 294 = 0. What is the greatest common divisor of y and 357?
21
Let d(w) = 2*w**2 + 5*w**2 + 1 + 4*w**2. Let x be d(2). Suppose 8*a - 27 = -5*h + 6*a, -2*a = -2. Calculate the highest common divisor of h and x.
5
Suppose 3*g = 2*c - c + 161, 2*c + 62 = g. What is the greatest common factor of g and 1638?
26
Let a = -4375 + 5271. What is the highest common factor of 64 and a?
64
Suppose 4*f - 327 = 1337. Suppose g = -3*g + f. Suppose -15*l - 15 - 130 = -340. Calculate the highest common factor of l and g.
13
Suppose 8*y = -5*s + 1752, 89*s - 86*s = -y + 200. Calculate the greatest common factor of y and 720.
16
Suppose -3*f + 30 = 3*f. Suppose 4*i = 4*d - 752, i - f = -4*i. What is the highest common factor of d and 7?
7
Let o = 145 + -113. Suppose 4*d + 2*p - 72 = 0, 0 = -3*d + 3*p + o + 31. Calculate the highest common divisor of 19 and d.
19
Suppose -x + 4*w + 459 = -31, 0 = -4*w - 4. Let n = x + -311. What is the greatest common divisor of n and 7?
7
Suppose 25 = 5*z - 85. Suppose 0 = -0*x + x - z. Let q be 90 - 5/(-15)*-6. Calculate the greatest common factor of x and q.
22
Let n(a) = a**3 - 2*a + 1. Let s be n(-2). Let v(h) = h**2 - h - 3. Let i be v(s). What is the highest common factor of i and 117?
9
Suppose 8 = -4*b + 172. Let y = -39 + b. Suppose 0*z = -y*z + 26. What is the highest common divisor of 65 and z?
13
Let t(r) = 9*r**3 - r - 18. Let u(g) = -18*g**3 + g + 34. Let a(x) = -11*t(x) - 6*u(x). Let c be a(1). What is the highest common divisor of c and 1016?
8
Suppose -4*o = 3*f + 355 - 2671, 5*o - f = 2914. Let u = o - 387. Calculate the highest common factor of u and 78.
39
Let s(h) = h**3 + 4*h**2 + 11. Let a be s(-5). Let t(o) = 4*o**2 + 3*o - 53. Let u be t(a). What is the highest common factor of 13 and u?
13
Let n be 2 + -8 - (-4 - 4632/6). What is the greatest common factor of n and 20?
10
Suppose 3*d - 8 = -d - 4*v, -14 = -4*d + 2*v. Let s = -12189 + 12196. What is the greatest common divisor of d and s?
1
Let a(j) = 25*j**2 + 772*j - 11. Let p be a(-31). What is the highest common divisor of 1722 and p?
82
Let y(q) = q**2 + 20*q + 51. Let f(w) = 5*w**2 + 80*w + 203. Let z(x) = 2*f(x) - 9*y(x). Let t be z(23). What is the highest common factor of 40 and t?
8
Let o(i) = -2*i**3 - 9*i**2 + 17*i + 30. Let z be (-26)/4 + (-204)/136. Let y be o(z). What is the greatest common factor of y and 38?
38
Let k(g) = -g**3 + 90*g**2 - 256*g + 405. Let s be k(86). Calculate the greatest common factor of 201 and s.
67
Let k(a) = a**3 - 15*a**2 + 53*a - 12. Let o be k(10). Suppose -3253 = -o*i - 859. What is the greatest common factor of 95 and i?
19
Suppose -3*b = -c - 111, -189 = -359*b + 354*b + 3*c. Suppose l - 127 = -19. Calculate the highest common divisor of b and l.
36
Suppose 56 = -4*n + 36, 3*p - 182 = 4*n. Calculate the greatest common factor of 81 and p.
27
Let v(z) = 3*z**2 + 84*z - 379. Let d be v(4). Suppose -136 = 3*q - 6*q + o, -o = -q + 46. What is the greatest common factor of q and d?
5
Let m(f) = 4*f - 15. Let n be m(2). Let v be 0 - -4 - ((-11 - -10) + n). What is the highest common divisor of v and 516?
12
Suppose 2*u - 41 = 13. Let i be 3600/64*(-24)/(-5). Calculate the highest common divisor of u and i.
27
Let s be (768/(-36))/(4/(-264)). What is the highest common factor of s and 1232?
176
Suppose p - 2329 = -4*x - 671, 0 = -x - 4*p + 422. What is the highest common divisor of 2967 and x?
69
Let r(n) = -n**3 - 9*n**2 + 43*n + 427. Let o be r(-12). Calculate the greatest common factor of o and 5341.
49
Let r be (-7 + -1)/((-6)/3). Suppose 7*d - 5*l - 40 = 2*d, -3*d - 3*l + 36 = 0. Suppose 12 = 2*x + d. Calculate the greatest common divisor of r and x.
1
Let x = 125 - -1. Let l be 12 + (-108)/x*(-28)/6. Calculate the highest common factor of 368 and l.
16
Let o be (-4 - -3)*10/((-90)/67527). Calculate the greatest common divisor of 61 and o.
61
Suppose -23*a - 2026 = -4096. What is the highest common factor of a and 1008?
18
Suppose 0 = -9*l + 18*l - 8190. Let u = -435 + l. Calculate the highest common divisor of 25 and u.
25
Suppose 58*s = 55*s + 2358. Let y = -708 + s. Calculate the highest common divisor of y and 48.
6
Suppose 20 = -z + 4*a, 0*z - z = a - 5. Let y = z + 9. Let o = -3468 + 3474. What is the greatest common factor of o and y?
3
Let x = 12244 - 12232. What is the greatest common factor of 8076 and x?
12
Let z = 678 - 676. Suppose -4*b + 2*p + 46 = 0, z*b + p = -3 + 36. Calculate the highest common divisor of b and 238.
14
Suppose 5*n + 109 = 3*a, -5*a = -n - 8 - 27. Let x be (48/28)/((-2)/(-21)). Let o be n/(-6)*x/5. Calculate the highest common factor of 8 and o.
4
Suppose 3*x - 46 = 2*v, 50 = 5*x - 8*v + 10*v. Let u be 551 + (-5 + x - 0). What is the greatest common factor of 6 and u?
6
Let w be (-24)/(-5)*(-665)/(-76). Suppose 14*m - w - 210 = 0. Calculate the highest common divisor of m and 306.
18
Let g(q) = -q**2 - 19*q + 36. Let t be g(-19). Let c(f) = 11*f - 201. Let u be c(19). Calculate the highest common divisor of t and u.
4
Suppose 0 = y + 15 - 54. Suppose -9*b = -12*b + y. Let m be ((-10)/6)/((-3)/297) + 4. Calculate the highest common divisor of b and m.
13
Let t(n) = -n**3 - n**2 + 2*n - 6. Let u be t(-3). Let z be -4*(-45)/20 - u. What is the highest common divisor of 15 and z?
3
Let r = 145 - 101. Let f = 41 - r. Let s be (-12)/18 - 80/f. Calculate the greatest common factor of 26 and s.
26
Let v(u) = 7 - 7*u + 3 + 4*u**2 - 2*u**2. Let q be (84/(-42))/(3*(-1)/(-6)) - -8. Let j be v(q). Calculate the highest common factor of 2 and j.
2
Let l be 0 - 0 